What is the tens digit of z?
1
Suppose -40 + 31 = 3*h, 4*c = -5*h + 489. What is the tens digit of c?
2
Suppose 2*d - 10 = -3*d. Suppose -3*j + 139 = -2*t, 2*j - t = -d*j + 187. What is the units digit of j?
7
Suppose k = -2*m + 58, -m = 5*k - 193 - 97. Let r = k + 12. What is the tens digit of r?
7
Let d(w) = -w**2 - 7*w + 4. Let x be d(-7). Suppose 3*z - x*z = -47. What is the units digit of z?
7
Suppose -3*f + 1589 = 5*q, 3*q = -4*f - 0*q + 2115. What is the hundreds digit of f?
5
Suppose -j - 7*p + 2*p + 51 = 0, -2*j - p = -75. Suppose -5*v - j = -231. What is the units digit of v?
9
Let o = -6233 - -11691. What is the units digit of o?
8
Suppose 3*o - 3*z = z - 41, 4*o = -5*z - 65. Let s(i) = -2*i - 17. Let t be s(o). Let b = 59 - t. What is the units digit of b?
6
Let h = -287 - -515. Suppose -472 = -7*z + h. What is the hundreds digit of z?
1
Let s be (-3)/((-12)/8)*-1. Let y be (-8 - -9)/((-1)/s). Suppose y*i + 150 = 7*i - 5*l, -3*i + 4*l + 87 = 0. What is the tens digit of i?
3
Suppose t + 42 = -5*t. Let g = t + -20. What is the tens digit of 5 + -4 - g/3?
1
Suppose -7*t + 14 = -5*a - 3*t, -t = -2*a - 5. Let b be ((-20)/(-2))/((-1)/a). Suppose -4*f + 4 = -b. What is the units digit of f?
6
Suppose 2*d = -2 - 4, 4 = -2*p + 2*d. Let h be 1/p - (-105)/25. Suppose -5*j = h*y - 107, -4*y - y = 10. What is the tens digit of j?
2
Let o be 15426/117 + (-2)/(-13). Let r = -86 + o. What is the units digit of r?
6
Let o = 96 + -83. Let f(z) be the third derivative of -z**4/24 + 9*z**3/2 + 4*z**2. What is the tens digit of f(o)?
1
Suppose 5*r = 2*w - 3245, 0*w + 3*r = -2*w + 3237. Suppose 17*a - 23*a = -w. What is the tens digit of a?
7
Let y(m) = 2*m**2 + 5*m - 12. What is the units digit of y(3)?
1
Let v be (0 - 1) + (-400)/20. Let d = v + 24. Suppose -d*g + 14 = -37. What is the units digit of g?
7
Let t(y) = -15*y + 25. Let f(u) = u**2 - u - 1. Let c be (-1)/1 + (6 - 4). Let l(n) = c*t(n) + f(n). What is the tens digit of l(16)?
2
Suppose 3666 = -12*x + 13*x + t, 4*t + 20 = 0. What is the units digit of x?
1
Suppose -2*y - 236 + 246 = 0. Suppose -y*c + 4*c = -294. What is the units digit of c?
4
Suppose 3*m - 25 = -2*x, -5*m = 3*x - 7*x - 5. What is the units digit of x?
5
Let b(y) = -y**2 - 18*y + 7. Suppose 4*w + i + 3*i + 72 = 0, i = 5*w + 66. What is the units digit of b(w)?
3
Let v = -284 + 92. Let d = v - -319. What is the hundreds digit of d?
1
Let t(i) = 34*i + 10. Let s be t(1). Suppose -s*o + 39*o + 1565 = 0. What is the tens digit of o?
1
Let n be (-4)/16 - (-1)/4. Suppose n = -0*j + 5*j. What is the units digit of 9/3 + 32 - j?
5
Let c be 3/((-7)/4 + 1). Suppose 2*m = -4 - 4. What is the tens digit of ((-46)/c)/((-2)/m)?
2
Suppose -6 = -3*m + 21. Let l(p) = p**3 - 8*p**2 - 9*p + 3. Let g be l(m). What is the tens digit of 0 + g + (32 - -2)?
3
Let z(g) = g + 6. Let p be z(-4). Suppose -5*l + 3*x + 171 = 0, -3*l + 4*l = 4*x + 24. Suppose -w + p*w = l. What is the tens digit of w?
3
Let u = -32 + 37. Suppose 5*j + u*g = 10, 0 = 2*j - 4*g + g - 24. What is the units digit of j?
6
What is the tens digit of (-70 - 2)/((-69)/92)?
9
Suppose -9 = -2*j - 1. Suppose g - 30 = -5*c, 0 = -0*g + j*g - 3*c - 28. What is the tens digit of ((-738)/45)/((-4)/g)?
4
Let r be (-1)/(-4) - 21/4. Suppose -w = -5*w - 2*b + 22, 5*w - 4*b = 21. What is the units digit of 0 + r/(w/(-18))?
8
Let f(k) = 135*k**2 - 11*k - 18. What is the hundreds digit of f(-2)?
5
Let t = 17 - 18. Let n(r) = 3*r**2 + r + 7. Let d(p) = p**2 - 1. Let l(k) = t*n(k) + 4*d(k). What is the units digit of l(8)?
5
Suppose 11 = 4*h - 1. Suppose 2*b + h*s = 426, -4*s + 9 + 7 = 0. Suppose 5*u - b = 73. What is the units digit of u?
6
Let i be (1 + -1)/(-10 + 9). Suppose i = -5*q + q + 8. What is the tens digit of ((-1)/q)/(7/(-308))?
2
Let g(t) = -t**2 - 14*t - 11. Let a be g(-13). Suppose -291 = -4*q + 3*x, a*q = 3*q - 3*x - 75. What is the tens digit of q?
7
Let p(u) = -2*u + 1 + 2 - u - 9. What is the units digit of p(-8)?
8
Suppose 31*j - 2*j = 84274. What is the thousands digit of j?
2
Let k = -131 + 888. What is the units digit of k?
7
Let j be 4 + -1 + 1 - -7. Let t = j - -1. Suppose 10*x = t*x - 106. What is the tens digit of x?
5
Let x(n) = 1106*n**2 - n. What is the thousands digit of x(1)?
1
Let j(b) be the first derivative of -b**3/3 - 11*b**2 - 36*b - 5. What is the tens digit of j(-12)?
8
Let s(i) = 32*i**2 - 24*i - 17. What is the thousands digit of s(-11)?
4
Let s be -2*(-2)/(8/(-10)). What is the units digit of 7/(-2)*(s + 1)?
4
Let q = -2 + 7. Suppose -20 = 3*b - g + 5*g, q = -g. Suppose -2*p + p + 10 = b. What is the tens digit of p?
1
Let c(n) = 93*n**3 - 5*n**2 + 7*n + 7. What is the units digit of c(2)?
5
Let d = 164 + -107. What is the units digit of d?
7
Let x(d) = 7*d + 42. Let o be x(-6). Suppose o = -5*c + 1186 - 346. What is the units digit of c?
8
Let d(j) be the third derivative of j**5/120 + j**4/12 + 5*j**3/6 + 9*j**2. Let m(h) be the first derivative of d(h). What is the units digit of m(8)?
0
Let p(o) = o**2 + 8*o - 15. Let r be p(-12). Let y(m) = 15 + 25 - r - 14*m. What is the tens digit of y(-4)?
6
Let u be ((-4)/(-8))/((-2)/(-936)). Let n be u/12*4/6. Let o = -5 + n. What is the units digit of o?
8
Let g(y) = 162*y - 812. What is the tens digit of g(9)?
4
Let l = -14 - -18. Suppose -2*f = -l*w + 6, -5*f = -0*w - 2*w - 17. Let i(d) = d**3 - 5*d**2 + 5*d + 2. What is the units digit of i(w)?
6
Suppose 0 = 9*w - 12*w - 12. What is the tens digit of w*1/(-1) - -50?
5
Let t be -4 + 1 - 297/(-3 - -6). Let w = -82 - t. What is the tens digit of w?
2
Suppose -14*r - 898 = -26182. What is the units digit of r?
6
Suppose 3*t + q = 16, 0 = -2*t - 4*q - 0*q + 14. Let l(n) be the second derivative of -n**5/20 + n**4/2 - n**3/6 + n**2 - n. What is the units digit of l(t)?
2
Suppose 2*t + t - 421 = 5*a, 4*t + 442 = -5*a. Let v = 183 + a. What is the units digit of v?
7
Let b(p) = -102*p - 238. What is the hundreds digit of b(-22)?
0
Suppose 4*r - 294 - 11 = -w, 0 = -3*r - 5*w + 233. Suppose z + r = -3*z. Let i = -2 - z. What is the tens digit of i?
1
Let d be (-4 - -7)/(8/5 + -1). Suppose 8*a - 2145 = -d*a. What is the units digit of a?
5
Let c(n) = -3*n - 9. Let a be c(12). Let f = 81 + a. What is the tens digit of (0 - 3)/((-6)/f)?
1
Let q be 1/(-2)*(2 + -5 - -177). Let m = -46 - q. What is the tens digit of m?
4
Suppose -92 = 3*t + n, 5*n + 150 = -3*t - 2*t. Let f = -17 + 32. Let u = f - t. What is the units digit of u?
6
Let c(k) = 8*k + 36. Let q(y) = -7*y - 36. Let x(f) = -3*c(f) - 2*q(f). What is the units digit of x(-8)?
4
Let i = 27 - 24. What is the units digit of 75/((-9)/(-2) - i)?
0
Suppose 13260 = 12*c + 3*c. What is the hundreds digit of c?
8
What is the hundreds digit of 833 + (138/(-27) - (-33)/297)?
8
Let x(k) be the second derivative of k**4/12 + k**3 + k**2 - 13*k. Let f = -2 + -5. What is the units digit of x(f)?
9
Let y(a) = 2*a**2 + a + 28. Let x = 42 + -42. What is the units digit of y(x)?
8
Suppose -2*z - 3*x = z - 48, -x = -4. Suppose -c + 4*f - 5 = 0, -4*f + 3 = -3*c + z. What is the units digit of c?
7
Let v = 21 + -22. What is the units digit of -3 + v - 10/(-2)?
1
Let u = -1843 + 2896. What is the thousands digit of u?
1
Suppose 0 = -6*u + 18*u - 48. Let r = -24 + 36. Let q = r - u. What is the units digit of q?
8
Suppose 0 = q - 3. Let z(h) = 4*h - h + 2*h - q - 3*h. What is the units digit of z(5)?
7
Let w = -3 - -29. Suppose 2*l = -2*t + 20, -2*t + w = l + 2*l. What is the units digit of l?
6
Let v(h) = -h**3 - 12*h**2 - 7*h. Let y be v(-13). Suppose 6*n - 2*n - y = 0. Let x = -39 + n. What is the units digit of x?
6
Suppose 4*k + 7 = -3*q + 3*k, q + 3*k = 3. What is the tens digit of (-1)/(-2) + (-514)/(-4) - q?
3
Let t(o) = -3*o - 20. Let i be t(-8). Let v(n) = n - 8. Let c be v(i). Let l(w) = -w**3 - 2*w - 8. What is the tens digit of l(c)?
6
Let k be (2 + -1)/(6/732). Suppose k - 346 = -2*o + s, 0 = -5*o + 3*s + 558. What is the tens digit of o?
1
Let d(n) = 2*n + 12. Let b(m) = -25*m - 155. Let f(c) = -3*b(c) - 40*d(c). Suppose -r + 5*o - 15 = 0, -3*r + o = -r + 21. What is the tens digit of f(r)?
3
Let b(a) = a**2 - 5*a. Suppose -3*t - q + 21 = q, 2*t - 5*q + 5 = 0. Let s be b(t). Suppose d - 1 = -s. What is the units digit